t derivative of r**3/3 - 4*r**2 + 59*r - 101. Calculate the remainder when a(-12) is divided by 15.
14
Let c(d) = -d**3 - 132*d**2 - 123*d + 1234. What is the remainder when 37196 is divided by c(-131)?
182
Let a = 15273 - 15227. What is the remainder when 530 is divided by a?
24
Let n(v) = 2*v**2 - 4. Let j be n(-3). Let d = 21 + j. What is the remainder when d is divided by 12?
11
Let z(y) = 11*y - 25. Let v(g) = -3*g - 31. Let o be v(-12). Let t(p) = -2*p - 6. Calculate the remainder when z(o) is divided by t(-11).
14
Let h(l) = -43*l - 63. Suppose -5*n - 3*z = 7 + 8, -n - 2*z - 3 = 0. Calculate the remainder when h(n) is divided by 21.
3
Let m = -1395 - -1400. Calculate the remainder when 568 is divided by m.
3
Let j(v) = -5 + 0 - 41*v - 4*v**2 + 26*v + 58*v. What is the remainder when 45 is divided by j(10)?
20
Let b = 140 + -64. Let z = 80 - b. Suppose -4*t + 456 = -z*m, 0 = 5*t + 5*m - 2*m - 562. What is the remainder when t is divided by 39?
35
Let f(r) = r**3 + 43*r**2 - 47*r + 25. Calculate the remainder when 245 is divided by f(-44).
88
Let s(x) = 75*x**2 + 21*x**2 + 24 + x - 23. Let h = 84 + -59. Calculate the remainder when s(1) is divided by h.
23
Let c = -3859 + 3968. Calculate the remainder when 585 is divided by c.
40
Suppose 10 = -20*x + 110. What is the remainder when 91 is divided by 11 + 2/(2/x)?
11
Let z(p) = 32*p**2 - 99*p - 2. What is the remainder when 1759 is divided by z(5)?
244
Let a = 10319 + -10273. Calculate the remainder when 1333 is divided by a.
45
Let y(m) = -m + 27. Suppose 4 = -8*r + 12. What is the remainder when y(0) is divided by (-6)/r - 6*121/(-33)?
11
What is the remainder when 18/(-16) - 124/(-992) - 869*-6 is divided by 35?
33
Let n = 54562 - 32173. Calculate the remainder when n is divided by 72.
69
Suppose -23*k = -174 - 102. What is the remainder when 46 is divided by k?
10
Let v(i) = 2*i + 6. Let a(d) = d - 6. Let f be a(8). Suppose -5*x + 78 = -f*x. Calculate the remainder when x is divided by v(4).
12
Let l = -1489 + 2853. What is the remainder when l is divided by 454?
2
Suppose 34*p + 135 = 54*p - 345. Calculate the remainder when 182 is divided by p.
14
Suppose 3*o = -203*o + 7622. What is the remainder when 506 is divided by o?
25
Let g(q) = -86*q - 72. Let d be g(-7). What is the remainder when 42 is divided by (-1)/2 + d/20?
16
Let p(s) = -93*s - 20. Let i be (-2)/8*2 + 44/(-88). Calculate the remainder when p(i) is divided by 3.
1
Let h(z) = 2*z**3 - 51*z**2 - 43*z + 521. Calculate the remainder when h(26) is divided by (-145)/(-7) + 2/7.
16
Suppose 4*h - 444 = 4*u, -9*h = -6*h - 2*u - 339. Calculate the remainder when h is divided by 4/(-24) + (-1)/(6/(-85)).
5
Let p = 169 + -117. Suppose -h - 74 = -79*g + 78*g, 0 = 2*h - 10. Let t = g - p. What is the remainder when 53 is divided by t?
26
Let w(v) = v**2 - 5*v - 11. Let z be w(7). Suppose -5*y = -4*q + 49, 4*y - 54 = -z*q + 2*y. What is the remainder when 33 is divided by q?
1
Let t(j) = -2*j + 6. Let h be t(2). Let o be -2 + 35 + h/(8/12). Calculate the remainder when o/(-44) - -1 - 634/(-22) is divided by 15.
14
Let n(o) = -3*o**2 + o + 41. Suppose 4*f + 3*h + 9 = 0, -2*h = 3*f - 6*h - 12. What is the remainder when 111 is divided by n(f)?
29
Let c(u) = -u**2 + 100. Let v be c(0). Suppose b = -b + v. What is the remainder when ((-298)/2)/(-27 - -26) is divided by b?
49
Suppose 2 = -5*l + 52. Suppose 3*m - l = -13. What is the remainder when 38 is divided by ((-2)/4)/(m/26)?
12
Let i(w) = 9*w + 1. Let d be i(3). Suppose 0 = 7*a - 146 - 183. What is the remainder when 3/7 + -142*(-36)/d is divided by a?
42
Suppose 2*c + d + 164 = 3*c, -4*c = -3*d - 652. Let p = 168 + c. Calculate the remainder when p is divided by 10.
8
Suppose 7*b + 3*v = 3*b + 2799, 0 = 4*b + 4*v - 2796. Suppose 0 = 17*q - 4*q - b. Let s = -68 + 96. Calculate the remainder when q is divided by s.
26
Let x = -4687 - -5020. Calculate the remainder when 1346 is divided by x.
14
Suppose -44*q = -9131 - 8293. What is the remainder when q is divided by 24?
12
Let y = -97 - -104. Suppose -9*f + y*f = -180. Calculate the remainder when f is divided by 2 + (-3)/(-6)*58.
28
Suppose -3*q = 117 + 444. Let h = -173 - q. What is the remainder when 64 is divided by h?
8
Let j = -1494 - -2191. What is the remainder when j is divided by 50?
47
Let p(y) = -3*y + 6. Let d be p(-4). Suppose 15*j - d*j = -6. Suppose 3*l - 35 = -j*s, -4*s + 0*l - 4*l = -64. What is the remainder when 101 is divided by s?
10
Suppose 408 = -68*z + 80*z. Suppose -z*y + 9427 + 8831 = 0. What is the remainder when y is divided by 20?
17
Let j = 36 - 8. Let m = -2212 - -2237. Suppose -m = -2*z - 13. Calculate the remainder when j is divided by z.
4
What is the remainder when ((1958/267)/(1/(-29)))/(2/(-3)) is divided by 22?
11
Suppose 32*t + 336 = 35*t - 3*h, 2702 = 23*t - 5*h. Calculate the remainder when t is divided by 78.
41
Let t(q) = 5*q**2 + 2*q. Let i(u) = 13 - u + 4*u - 27. Let o be i(5). Calculate the remainder when 25 is divided by t(o).
4
Suppose -5*p = 5*w - 10*p - 385, 2*w + 3*p - 164 = 0. Suppose -5*s + 161 = -w. Calculate the remainder when s is divided by 27.
21
Suppose 8*x - 7*x = -4*l + 20, 4*x - 5*l = 59. Suppose -3*u + x = 5*q, -u + 0*q - 3*q = 0. Calculate the remainder when 80 is divided by u.
8
Let r be -6 + (-2 - -8 - -15). Suppose 4*m - 9 = r. Calculate the remainder when m is divided by 3.
0
Suppose 857 = 5*j - 3*j - 8229. Calculate the remainder when j is divided by 45.
43
Let s = 92 - 30. Suppose 0 = -2*p + t + 226, -5*t = -3*p + s + 270. Calculate the remainder when p is divided by 39.
36
Let d be -6*(-12)/(-18) + 7. Calculate the remainder when 36/((-2)/((-4)/d)) is divided by 12.
0
Let j = -11665 + 11704. What is the remainder when 663 is divided by j?
0
Suppose -19*v + 13*v = 0. Suppose v = 11*n - 456 - 281. Calculate the remainder when n is divided by 7.
4
Let m = -30 - -34. Suppose 141 - 1545 = -m*j. What is the remainder when j is divided by 16?
15
Suppose -7*p + 13 - 19 + 55 = 0. Let i = -8 + 9. Calculate the remainder when (50 - (1 - -2)) + i is divided by p.
6
Suppose -2*k + 6 = j - 8, -5*k + 35 = 4*j. What is the remainder when k is divided by (161/(-69)*(-16)/(-28))/(2/(-9))?
1
Let v = 42 - 14. Suppose -3*p - 426 = -4*w, -4*p - 12 = -4. Calculate the remainder when w is divided by v.
21
Let x = -212 + 428. Suppose 0 = 3*n - 21*n + x. Calculate the remainder when 18 is divided by n.
6
Suppose 4*r + 3 = 3*i, -2*r + 0 = 5*i - 5. Suppose -5*s + 77 - 27 = r. Suppose 0 = s*x - 7*x - 114. What is the remainder when 75 is divided by x?
37
Let d = -88 + 157. Let h be (-52)/(-156) + (-7)/6*-34. Suppose 5*q + k - h = 4*k, -d = -4*q - 5*k. Calculate the remainder when 74 is divided by q.
8
Let g = 974 + -637. What is the remainder when g is divided by 11?
7
Suppose 0 = -123*n + 127*n - t - 379, n - 2*t = 100. What is the remainder when 2819 is divided by n?
93
Suppose 0 = -t - 4*t - 30. Let h be t + 2 - -4*1. Suppose -2*v - 6 = h, 8*j + 67 = 10*j - 5*v. What is the remainder when j is divided by 14?
12
Suppose -2*k - 933 = -941. Let h(m) = -23*m + 184. What is the remainder when h(k) is divided by 5?
2
Suppose 10*u - 169 = 741. Let d = 84 + -74. Suppose 4*x = 5*h - 131, -2*h + 4*x + d = -52. What is the remainder when u is divided by h?
22
Suppose 5*z - 5*y - 30 = 0, 9*y - 5*y = 2*z - 22. Calculate the remainder when 128 is divided by 100/15*(5 + z).
8
Suppose 0 = -12*a + 777 - 81. Let z(b) = a*b + b**2 - 61*b - 2 - 2. Calculate the remainder when 28 is divided by z(5).
4
Suppose 2*z = 2*v + 610, -3*z - v + 565 = -362. Suppose z*b - 315*b + 2842 = 0. What is the remainder when b is divided by 34?
32
Suppose -2*q - 3*s + 103 = -273, s = 0. Calculate the remainder when q is divided by 38.
36
Suppose 1185 = 2*q - i, 16*q - 2985 = 11*q - 5*i. Suppose 0 = -5*a + 1471 + q. Calculate the remainder when a is divided by 52.
49
Let f(k) = 4*k + 570. Calculate the remainder when 706 is divided by f(-117).
94
Let s(b) = -b**3 + 14*b**2 + 2*b + 32. Let v be s(14). Suppose -54*l + v*l = 264. What is the remainder when l is divided by 8?
4
Let d be 2 + -1 + (2 - -1). Let f(r) = 4*r**2 + 5*r + 2. Let k be f(d). What is the remainder when 84 is divided by k/3 - (-4 - (-11)/3)?
26
Suppose 3*y =